of 101565?
3, 5, 37, 61
What are the prime factors of 409854?
2, 3, 83, 823
What are the prime factors of 40651654?
2, 107, 189961
List the prime factors of 340712.
2, 42589
List the prime factors of 9214294.
2, 61, 75527
List the prime factors of 5654186.
2, 337, 8389
What are the prime factors of 1032318?
2, 3, 7, 2731
List the prime factors of 454152.
2, 3, 127, 149
What are the prime factors of 682428?
2, 3, 29, 37, 53
List the prime factors of 363326.
2, 389, 467
List the prime factors of 1476179.
1476179
List the prime factors of 668956.
2, 41, 4079
List the prime factors of 812770.
2, 5, 7, 17, 683
What are the prime factors of 533495?
5, 106699
What are the prime factors of 152772?
2, 3, 29, 439
List the prime factors of 15900198.
2, 3, 2650033
List the prime factors of 596609.
13, 45893
List the prime factors of 5326154.
2, 61, 149, 293
List the prime factors of 1137995.
5, 43, 67, 79
What are the prime factors of 10363311?
3, 7, 271, 607
List the prime factors of 13088535.
3, 5, 73, 11953
What are the prime factors of 505960?
2, 5, 7, 13, 139
List the prime factors of 255801.
3, 7, 13, 937
What are the prime factors of 11011236?
2, 3, 229, 4007
List the prime factors of 306353.
83, 3691
What are the prime factors of 2038032?
2, 3, 14153
What are the prime factors of 3301172?
2, 7, 117899
List the prime factors of 724449.
3, 11, 29, 757
What are the prime factors of 49771?
71, 701
List the prime factors of 7308359.
47, 131, 1187
List the prime factors of 6815833.
6815833
List the prime factors of 1079676.
2, 3, 13, 769
List the prime factors of 416057.
563, 739
List the prime factors of 1958050.
2, 5, 39161
What are the prime factors of 580306?
2, 257, 1129
List the prime factors of 326865.
3, 5, 7, 11, 283
List the prime factors of 165236.
2, 101, 409
What are the prime factors of 375031?
127, 2953
List the prime factors of 34919663.
19, 67, 27431
What are the prime factors of 10654?
2, 7, 761
List the prime factors of 952917.
3, 7, 45377
List the prime factors of 5975325.
3, 5, 26557
What are the prime factors of 3249500?
2, 5, 67, 97
List the prime factors of 4765004.
2, 347, 3433
What are the prime factors of 820257?
3, 79, 3461
What are the prime factors of 507613?
109, 4657
List the prime factors of 6831218.
2, 3415609
List the prime factors of 227435.
5, 13, 3499
List the prime factors of 2038109.
1033, 1973
List the prime factors of 216281.
13, 127, 131
List the prime factors of 73586.
2, 36793
What are the prime factors of 3262801?
349, 9349
List the prime factors of 227283.
3, 7, 79, 137
What are the prime factors of 996150?
2, 3, 5, 29, 229
What are the prime factors of 95558?
2, 47779
List the prime factors of 2776354.
2, 7, 61, 3251
What are the prime factors of 314234?
2, 59, 2663
List the prime factors of 564381.
3, 20903
What are the prime factors of 169324?
2, 42331
What are the prime factors of 1311717?
3, 11, 39749
List the prime factors of 14798364.
2, 3, 7, 17, 43, 241
List the prime factors of 339048.
2, 3, 17, 277
What are the prime factors of 63687?
3, 13, 23, 71
List the prime factors of 273663.
3, 13, 2339
List the prime factors of 863163.
3, 7, 4567
List the prime factors of 9913.
23, 431
What are the prime factors of 394525?
5, 43, 367
What are the prime factors of 314479?
11, 23, 113
List the prime factors of 2865113.
29, 31, 3187
What are the prime factors of 362246?
2, 181123
List the prime factors of 93264.
2, 3, 29, 67
What are the prime factors of 3683442?
2, 3, 7, 87701
What are the prime factors of 7250377?
29, 250013
List the prime factors of 192356.
2, 19, 2531
What are the prime factors of 2282576?
2, 331, 431
What are the prime factors of 524260?
2, 5, 11, 2383
What are the prime factors of 261544?
2, 32693
What are the prime factors of 337434?
2, 3, 56239
What are the prime factors of 429728?
2, 13, 1033
List the prime factors of 18312155.
5, 1259, 2909
List the prime factors of 1368232.
2, 171029
What are the prime factors of 4221856?
2, 131933
What are the prime factors of 5338223?
11, 149, 3257
List the prime factors of 119463.
3, 39821
What are the prime factors of 529502?
2, 43, 47, 131
List the prime factors of 2617648.
2, 11, 107, 139
What are the prime factors of 106690?
2, 5, 47, 227
What are the prime factors of 2391565?
5, 11, 59, 67
What are the prime factors of 2746400?
2, 5, 3433
What are the prime factors of 11625891?
3, 19, 59, 3457
What are the prime factors of 28901?
28901
List the prime factors of 9050349.
3, 7, 11, 29, 193
What are the prime factors of 197741?
197741
List the prime factors of 2235458.
2, 1117729
What are the prime factors of 116010?
2, 3, 5, 1289
What are the prime factors of 1773981?
3, 11, 181
List the prime factors of 5796072.
2, 3, 79, 1019
What are the prime factors of 381277?
13, 139, 211
List the prime factors of 9388353.
3, 13, 240727
List the prime factors of 6719438.
2, 11, 43, 7103
What are the prime factors of 15994841?
17, 37, 59, 431
What are the prime factors of 7855888?
2, 490993
List the prime factors of 2479151.
2479151
List the prime factors of 29825992.
2, 7, 532607
What are the prime factors of 6626597?
6626597
List the prime factors of 916264.
2, 53, 2161
What are the prime factors of 991736?
2, 53, 2339
What are the prime factors of 309533?
7, 6317
List the prime factors of 1309987.
7, 187141
List the prime factors of 989975.
5, 7, 5657
List the prime factors of 4398144.
2, 3, 22907
List the prime factors of 305284.
2, 7, 10903
What are the prime factors of 657850?
2, 5, 59, 223
List the prime factors of 263873.
367, 719
What are the prime factors of 1850561?
1850561
What are the prime factors of 290467?
23, 73, 173
What are the prime factors of 1715577?
3, 193, 2963
What are the prime factors of 582804?
2, 3, 16189
List the prime factors of 270572.
2, 17, 23, 173
List the prime factors of 4535956.
2, 1133989
List the prime factors of 36600921.
3, 7, 47, 263
What are the prime factors of 1541128?
2, 19, 10139
List the prime factors of 1122803.
11, 103, 991
What are the prime factors of 129056?
2, 37, 109
What are the prime factors of 229180?
2, 5, 7, 1637
List the prime factors of 12817987.
7, 13, 79, 1783
List the prime factors of 3601337.
3601337
What are the prime factors of 9223923?
3, 3074641
List the prime factors of 2295307.
7, 139, 337
What are the prime factors of 2512708?
2, 11, 57107
What are the prime factors of 697117?
37, 83, 227
What are the prime factors of 165714?
2, 3, 71, 389
What are the prime factors of 6454599?
3, 2151533
List the prime factors of 248674.
2, 124337
List the prime factors of 15210.
2, 3, 5, 13
What are the prime factors of 27361798?
2, 13680899
List the prime factors of 586620.
2, 3, 5, 3259
What are the prime factors of 12387653?
12387653
List the prime factors of 377372.
2, 94343
List the prime factors of 1181704.
2, 17, 8689
List the prime factors of 931103.
29, 97, 331
What are the prime factors of 536291?
7, 23, 3331
List the prime factors of 113113.
7, 11, 13, 113
What are the prime factors of 284913?
3, 31657
What are the prime factors of 132661?
132661
What are the prime factors of 1901985?
3, 5, 23, 37, 149
List the prime factors of 159854.
2, 257, 311
List the prime factors of 332258.
2, 23, 31, 233
List the prime factors of 5282088.
2, 3, 7, 23, 1367
What are the prime factors of 449858?
2, 224929
List the prime factors of 74618.
2, 37309
List the prime factors of 408851.
131, 3121
List the prime factors of 490356.
2, 3, 53, 257
What are the prime factors of 1492671?
3, 497557
What are the prime factors of 819986?
2, 409993
What are the prime factors of 8095180?
2, 5, 43, 9413
List the prime factors of 3278702.
2, 7, 234193
What are the prime factors of 1449535?
5, 239, 1213
What are the prime factors of 33543910?
2, 5, 3354391
What are the prime factors of 17392869?
3, 13, 61, 2437
What are the prime factors of 457865?
5, 91573
What are the prime factors of 17910608?
2, 53, 21121
What are the prime factors of 10273?
10273
What are the prime factors of 389791?
389791
What are the prime factors of 212088?
2, 3, 8837
List the prime factors of 215010.
2, 3, 5, 2389
What are the prime factors of 4271894?
2, 11, 277, 701
What are the prime factors of 3403769?
31, 59, 1861
List the prime 